termine r(-52).
1
Let u(y) = -y**2 - 30*y + 273. Calculate u(10).
-127
Let k(p) = -538*p - 2151. Calculate k(-4).
1
Let r(v) = -2*v**3 + 105*v**2 + 1041*v - 239. Determine r(61).
5
Let d(f) = 2*f**3 + 8*f**2 - 18*f + 6. What is d(-7)?
-162
Let k(n) = -n**3 + 60*n**2 - 320*n - 234. Calculate k(54).
-18
Let d(p) = p**3 + 4*p**2 + 15*p + 44. What is d(-3)?
8
Let b(d) = d**3 - 106*d**2 - 328*d + 97. Determine b(109).
-12
Let l(p) = 3*p**2 + 23*p + 9. What is l(-12)?
165
Let i(c) = c**3 - 4*c**2 - 4*c - 18. Determine i(-2).
-34
Let q(d) = -142*d + 14916. Determine q(105).
6
Let o(n) = -8*n - 815. What is o(-55)?
-375
Let z(q) = -q**3 + 56*q**2 + 169*q + 452. What is z(59)?
-20
Let y(w) = -1177*w + 24711. What is y(21)?
-6
Let k(d) = d**2 + 16*d - 908. Calculate k(-39).
-11
Let j(b) = 13*b - 286. Determine j(20).
-26
Let y(a) = -222*a + 6274. Calculate y(28).
58
Let c(n) = -n**3 + 28*n**2 + 59*n + 44. Determine c(30).
14
Let b(a) = -39*a + 669. Calculate b(18).
-33
Let i(b) = 132*b**2 - 6072*b - 15. What is i(46)?
-15
Let g(t) = -3*t**2 + 2*t + 98. What is g(4)?
58
Let p(r) = -20*r - 1532. Give p(-76).
-12
Let q(p) = -p**3 - 5*p**2 - 30*p - 104. What is q(-4)?
0
Let c(o) = -2*o**3 - 52*o**2 - 95*o + 10. What is c(-24)?
-14
Let t(c) = -10*c - 338. Determine t(-41).
72
Let z(a) = -a**3 + 22*a**2 + 73. Give z(22).
73
Let h(i) = -i**2 + 230*i - 3816. Calculate h(18).
0
Let z(a) = 46*a**2 + 1879*a - 286. Calculate z(-41).
1
Let r(o) = o**2 + 50*o + 169. What is r(-32)?
-407
Let v(j) = -77*j + 4. What is v(0)?
4
Let t(h) = 69*h**2 - 31669*h - 914. Calculate t(459).
4
Let x(q) = 2*q**3 - 156*q**2 - 657*q + 76. Determine x(82).
-6
Let d(i) = -i**3 + 9*i**2 + 26*i - 356. Give d(12).
-476
Let u(p) = -6031*p + 42204. Calculate u(7).
-13
Let t(g) = 3*g**3 + 2*g**2 - 6*g - 12. Determine t(-3).
-57
Let y(w) = -w**3 + 11*w**2 - 18*w - 123. Give y(9).
-123
Let m(l) = -l**3 + 25*l**2 - 9*l + 245. Give m(25).
20
Let p(o) = o**2 - 32*o - 25. Determine p(39).
248
Let d(w) = 19*w**2 + 1479*w - 229. What is d(-78)?
5
Let v(a) = 3*a**2 + 123*a + 242. Give v(-2).
8
Let c(k) = -14*k**2 + 94*k - 71. Determine c(6).
-11
Let y(u) = 7*u**3 - 15*u**2 - 37*u - 37. Determine y(-3).
-250
Let v(m) = -m**3 - 4*m**2 + 3*m + 7. What is v(3)?
-47
Let c(k) = k**2 + 185*k + 4874. What is c(-32)?
-22
Let c(f) = 3*f**2 - 28*f - 15. Give c(10).
5
Let u(p) = -80*p + 1837. Determine u(23).
-3
Let j(v) = -4*v**2 - 227*v + 452. Determine j(2).
-18
Let a(v) = 2*v**3 + 18*v**2 - 349*v - 1169. Determine a(-3).
-14
Let n(c) = -2*c**2 - 7*c - 1. Give n(0).
-1
Let h(n) = 828*n - 1600. Calculate h(2).
56
Let w(t) = -t**3 + 9*t**2 + 7*t + 1. What is w(-4)?
181
Let f(v) = -192*v + 1904. What is f(10)?
-16
Let u(f) = -f**3 + 17*f**2 - 44*f - 136. Give u(6).
-4
Let r(c) = -8*c - 99. What is r(-12)?
-3
Let t(n) = 3569*n + 10721. Calculate t(-3).
14
Let g(r) = -7*r + 117. Calculate g(6).
75
Let f(z) = 3*z**3 - 10*z**2 + 6*z + 6. Give f(6).
330
Let z(b) = 2*b**3 - 17*b**2 - 6*b + 73. What is z(8)?
-39
Let b(k) = k**2 - 2*k - 174. Determine b(15).
21
Let v(u) = -67*u - 1552. Determine v(-23).
-11
Let w(d) = -d**3 - d**2 - 21*d - 89. What is w(-3)?
-8
Let l(t) = -t**3 - 8*t**2 + 12*t + 4. Calculate l(-9).
-23
Let o(y) = -2*y**3 + 35*y**2 + 19*y - 60. Determine o(18).
-42
Let o(q) = -95*q**2 - 191*q + 3. Determine o(-2).
5
Let c(d) = -8*d**2 + 195*d - 556. What is c(21)?
11
Let h(b) = -b**3 + 20*b**2 + 110*b - 142. Give h(24).
194
Let b(n) = 287*n - 2726. Calculate b(10).
144
Let x(p) = p**3 - 9*p**2 + 21*p - 31. Give x(8).
73
Let l(x) = -7*x**3 - 314*x**2 + 44*x + 37. Give l(-45).
82
Let z(w) = w**3 + 55*w**2 - 107*w - 2849. Determine z(-56).
7
Let w(p) = -167*p + 6681. Calculate w(40).
1
Let p(r) = 11*r - 120. What is p(12)?
12
Let l(s) = -s**2 + 22*s + 183. Determine l(-7).
-20
Let b(p) = p**3 + 15*p**2 - 6*p + 15. Calculate b(-15).
105
Let p(r) = -3*r**2 + 12*r - 41. Calculate p(5).
-56
Let z(t) = 113*t**2 + 12543*t - 5. What is z(-111)?
-5
Let k(z) = -51*z - 1. Give k(1).
-52
Let w(l) = -4*l**3 + 127*l**2 + 11*l + 653. What is w(32)?
-19
Let u(n) = n**3 + 5*n**2 + 2228*n + 11177. Determine u(-5).
37
Let z(r) = 9*r**3 - 2*r**2 - 11*r + 11. Calculate z(1).
7
Let v(m) = 90*m + 726. Calculate v(-7).
96
Let v(h) = -h**3 + 33*h**2 - 62*h + 119. What is v(31)?
119
Let z(o) = 315*o + 4413. What is z(-14)?
3
Let z(a) = -a**3 + 42*a**2 - 41*a + 5668. What is z(44)?
-8
Let g(w) = -1567*w + 6270. Calculate g(4).
2
Let a(k) = 14*k - 55. Give a(9).
71
Let y(z) = z**3 - 89*z**2 - 378*z + 617. Determine y(93).
59
Let a(m) = 8*m**2 + 15*m + 43. Calculate a(-4).
111
Let n(a) = -12*a**2 - 80*a + 9. What is n(-4)?
137
Let m(t) = 51*t**2 + 31*t + 1. What is m(-1)?
21
Let a(c) = -67*c - 3810. Give a(-57).
9
Let f(q) = 302*q - 4264. Calculate f(14).
-36
Let o(m) = -200*m - 19402. What is o(-97)?
-2
Let b(w) = -w**3 + 9*w**2 - 82*w + 225. What is b(3)?
33
Let i(d) = -8*d**2 + 975*d - 845. Determine i(121).
2
Let p(w) = -w**3 - 22*w**2 + 30*w + 141. Determine p(-23).
-20
Let f(t) = -t**3 - 4*t**2 + 72*t + 234. Determine f(-9).
-9
Let p(u) = -u**3 - u**2 + 28*u + 89. Give p(-4).
25
Let v(f) = f - 7. Determine v(-16).
-23
Let p(i) = i**3 + 30*i**2 - 250*i + 1. Give p(-37).
-332
Let w(o) = 403*o + 98. Calculate w(-1).
-305
Let l(w) = -2*w**3 - 75*w**2 - 33*w + 154. Calculate l(-37).
6
Let m(p) = 211*p - 632. Give m(3).
1
Let w(n) = n**3 - 16*n**2 + 41*n - 23. Give w(13).
3
Let i(n) = -553*n + 6704. Give i(12).
68
Let q(b) = -118*b**2 - 68*b - 1. What is q(1)?
-187
Let r(i) = -275*i - 1967. What is r(-7)?
-42
Let d(j) = -2*j**3 - 20*j**2 - j + 2. Determine d(-10).
12
Let n(y) = -8*y + 136. Give n(11).
48
Let i(v) = 289*v - 2294. Determine i(8).
18
Let a(g) = 4*g**3 + 85*g**2 + 23*g + 36. Calculate a(-21).
-6
Let f(j) = -3*j**2 - 2*j + 164. What is f(7)?
3
Let j(m) = -2*m**2 + 16*m + 52. Calculate j(-5).
-78
Let q(a) = 3*a**2 - 89*a - 231. Determine q(32).
-7
Let g(m) = 8*m**2 + 77*m + 150. Give g(-2).
28
Let f(w) = -9*w**3 - 73*w**2 + 167*w + 1414. Determine f(-8).
14
Let l(w) = -873*w + 11349. Give l(13).
0
Let w(g) = -g**3 - 29*g**2 - 137*g + 200. Determine w(-23).
177
Let m(j) = 350*j + 114. What is m(1)?
464
Let i(a) = a**2 - 16*a + 57. Determine i(13).
18
Let n(c) = 2956*c + 17758. Calculate n(-6).
22
Let j(c) = 5*c**2 - 6*c - 221. Determine j(-6).
-5
Let d(r) = -68*r - 28. Give d(-13).
856
Let k(a) = 84*a + 2939. What is k(-35)?
-1
Let l(m) = -49*m + 1592. Determine l(37).
-221
Let b(i) = -i**3 + 9*i**2 - 22*i + 179. Calculate b(8).
67
Let g(n) = -179*n + 994. Give g(8).
-438
Let k(l) = -18*l + 176. What is k(16)?
-112
Let a(r) = r**3 + 5*r**2 - 27*r - 29. Calculate a(7).
370
Let t(m) = m**3 + 77*m**2 + 557*m + 45. Give t(-8).
5
Let k(i) = 8*i**2 + 320*i + 54. What is k(-40)?
54
Let i(n) = -40*n - 659. Give i(-16).
-19
Let i(a) = a**3 + 151*a**2 + 302*a + 595. Determine i(-149).
-1
Let r(k) = 119*k + 11422. Give r(-96).
-2
Let b(s) = -3*s**2 - 3*s + 23. Calculate b(4).
-37
Let u(c) = -3*c + 63. What is u(14)?
21
Let k(x) = x**3 + 107*x**2 - 4*x - 348. Calculate k(-107).
80
Let v(t) = -115*t**3 - 11*t**2 + t + 3. Give v(1).
-122
Let z(y) = 5*y - 105. Give z(18).
-15
Let o(c) = 206*c - 31715. Determine o(154).
9
Let w(r) = -2*r**3 - 4*r**2 - 28*r - 184. Calculate w(-5).
106
Let s(x) = x**2 - 368*x + 733. What is s(2)?
1
Let k(o) = 3324*o - 26574. What is k(8)?
18
Let g(p) = -3*p**2 - 45*p - 51. Give g(-18).
-213
Let u(m) = -m**2 + 5229*m + 31415. What is u(-6)?
5
Let k(c) = c**2 - 174*c - 2654. Calculate k(-14).
-22
Let l(n) = -n**2 - 54*n - 698. Determine l(-26).
30
Let d(n) = 2*n**3 + 13*n**2 + 7*n - 56. Determine d(-4).
-4
Let n(a) = -2*a**3 - 102*a + 84. Give n(0).
84
Let t(r) = 512*r - 5120. Determine t(10).
0
Let z(w) = 40*w + 296. Give z(-8).
-24
Let v(w) = 3*w**3 - 6*w**2 + 69*w - 262. Give v(4).
110
Let h(x) = 4*x**2 - 229*x + 1158. Calculate h(52).
66
Let v(f) = -f + 117. Calculate v(33).
84
Let k(v) = -v**3 - 13*v**2 + 10*v + 428. What is k(-8)?
28
Let a(f) = f**3 + 7*f**2 + 10*f. Give a(-4).
8
Let g(z) = z**3 - 46*z**2 - 258*z + 69. Determine g(51).
-84
Let c(w) = -w**2 + 51*w - 567. Determine c(42).
-189
Let l(x) = 2*x**3 + 83*x**2 + 42*x - 34. Calculate l(-41).
-75
Let a(d) = -227*d + 4654. Give a(21).
-113
Let s